 + 19. Suppose w - n = 4*i, 4*i = -0*i + 12. Is w prime?
True
Let l = -406 - 197. Let m be l/(-15) - (-1)/(-5). Suppose n = m + 45. Is n prime?
False
Suppose 0 = -5*f - 10 + 35. Suppose 2*v - s - 386 = 0, -f*s - 366 = -2*v + 12. Is v a composite number?
True
Suppose -q + 453 = -4*s, 0*s - 3*s - 2*q - 337 = 0. Let a = s - -166. Is a composite?
False
Let q(n) = -n + 2. Let l be q(3). Let u = l - 9. Let o = u + 33. Is o prime?
True
Suppose -2*u - 2*o = -0*u - 8, 5*o = 5*u. Suppose -2*w + 46 = -0*w + u*b, -3*w = -5*b - 37. Is w a composite number?
False
Let q(t) = 246*t**2 + 6*t + 4. Let o(d) = -164*d**2 - 4*d - 3. Let m(y) = 7*o(y) + 5*q(y). Is m(2) composite?
False
Let d(o) = 3*o + 533. Is d(0) a composite number?
True
Let a = -326 + 180. Let f = -40 - a. Is f prime?
False
Let j = -26 + 57. Is j a prime number?
True
Let o be (-27)/(-7) - (-3)/21. Let r(t) = -t**3 - 4*t**2 - 2*t - 6. Let j be r(-4). Suppose -6*p + j*p = -o*i + 208, i - 55 = 2*p. Is i composite?
True
Let f = 62 - 8. Suppose 0 = 3*d - d - f. Let p = 10 + d. Is p composite?
False
Suppose -p + 10 = 4*p. Is 2 + 39 - (0 - p) prime?
True
Let f(g) = -27*g**3 + g**2 - 3. Let h(n) = -54*n**3 + 2*n**2 + n - 6. Let u(o) = 7*f(o) - 3*h(o). Is u(-2) composite?
False
Let f(a) = a**3 - 6*a**2 - 7*a - 6. Let b be f(7). Let h be (-3)/b*3*4. Let c(m) = m**3 - 6*m**2 + 3*m + 3. Is c(h) a prime number?
False
Suppose -3*o = -0*r - 5*r + 178, 0 = -4*r + 20. Let g = -14 - o. Is g composite?
False
Is (98/35)/(4/10) prime?
True
Is 4/(-10) + 10311/15 a prime number?
False
Let n(p) = p**3 + p**2 - p - 5. Let h be n(0). Let c(y) be the second derivative of y**5/20 + 2*y**4/3 + y**3 - 7*y**2/2 - y. Is c(h) a prime number?
False
Let h(d) = -d**3 + 11*d**2 + 14*d + 9. Is h(12) a prime number?
False
Let l be ((-6)/(-4) + -2)*4. Is l/7 + (-5346)/(-42) prime?
True
Suppose -3*g = 3*n - 624, 3*g - 4*n - 335 - 310 = 0. Is g a prime number?
True
Suppose 7 = -4*h + 5*h. Suppose r - 4584 = -h*r. Is r prime?
False
Suppose -5*a + 90 = -5*i, -5*i - 5 - 7 = a. Is a composite?
False
Let j = 101 - 12. Is j a composite number?
False
Let y = -1207 - -2960. Is y composite?
False
Let b be 1/(4/3608*2). Let u = -116 + b. Is u a prime number?
False
Let i = -69 + 140. Suppose v - i = d, 2*d + 145 = 3*v - 71. Is v prime?
False
Let p = 812 - 93. Is p prime?
True
Suppose 46*c = 49*c - 663. Is c a prime number?
False
Let q(l) = l**2 + l. Let y be q(-2). Suppose -15 = -2*p - y*s + 83, 0 = -3*p + 4*s + 147. Is p composite?
True
Let y(k) = -k**3 - 3*k**2 - 5*k - 1. Is y(-4) a prime number?
False
Let h = 7 - 5. Let a be (-332)/(-6) + (-2)/(-3). Suppose 2*b + h*b = a. Is b prime?
False
Suppose -5*r + 4*m + 5182 = 5*m, -1022 = -r - 5*m. Suppose -2*o = -6*o + p + r, 0 = -5*o + 2*p + 1297. Is o composite?
True
Suppose 0 = 3*p - 117 - 54. Suppose -p - 210 = -3*q. Is q prime?
True
Let n = 2965 - 1814. Is n composite?
False
Suppose -5*k + 1017 = -1028. Is k a composite number?
False
Let a(y) be the second derivative of y**4/12 + 2*y**3/3 + 3*y**2 + 2*y. Let j be a(-4). Suppose -4*h + 41 = -k, -4*h + j*h + k = 25. Is h a composite number?
False
Let v = 17083 + -7062. Is v prime?
False
Let p = 18 + -26. Suppose -6*f = -2*f + 88. Let b = p - f. Is b a prime number?
False
Suppose -45 = -0*f - 3*f. Suppose p + 4*p + f = 0. Is ((-11)/3)/(1/p) prime?
True
Let v = -759 + 1960. Is v prime?
True
Let d = -2 + 10. Let p be (d/5)/(1/50). Let z = -45 + p. Is z prime?
False
Let k be 221*(-1 - 0)*-1. Let u = k + -146. Let y = u + 8. Is y composite?
False
Suppose 24 = 3*v + g - 0*g, v - 2*g - 8 = 0. Suppose 4*r - 280 = -5*i - r, -i + 44 = -5*r. Let h = i - v. Is h composite?
True
Suppose 5*r - 2281 - 1084 = 0. Is r composite?
False
Let f = 20 + -17. Suppose -201 = -3*s - f*p, 0 = s + 2*s + 2*p - 203. Is s a composite number?
True
Let p(v) = v + 0*v + 1 + 0. Let q be p(-1). Is (q/(-1))/1 - -3 a composite number?
False
Suppose -13 = -4*u - 3*o + 212, 0 = 5*u - 5*o - 290. Suppose -3*i - u = -4*i. Is i composite?
True
Suppose l = 0, 0 = -2*x - 2*l - 2*l - 104. Let h = -30 - x. Is h prime?
False
Let s(y) = -2 + 1 - 2*y + 6 + 7. Is s(-7) a prime number?
False
Let f(z) = -z**2 + 6*z + 3. Let v be f(5). Let p = -18 + v. Let g(m) = m**2 + 6*m - 5. Is g(p) a composite number?
True
Let a = 161 + 318. Is a prime?
True
Let d be 0/((-3)/(0 + -3)). Suppose d = 3*u - 866 - 364. Is 4/18 - u/(-18) prime?
True
Let s(o) = 116*o**2 + 3. Is s(-2) prime?
True
Suppose 2*x + 1232 = 5*b - 88, 0 = -3*b + 4*x + 778. Let j = b - 139. Is j a prime number?
True
Let k = -2 + 12. Suppose h = -z - 3*h - 6, k = -2*h. Is z prime?
False
Let t be ((-20)/3)/((-2)/3). Suppose -4*z + t + 50 = 0. Is z prime?
False
Let z(f) = 2*f + 1. Let s be z(-1). Let k = -10 - -14. Let g = s + k. Is g composite?
False
Suppose -4*c + 727 = 5*f, -f = 2*c - 5*f - 396. Let k = -1 + -2. Is (-3)/((-6)/c) - k composite?
False
Let z = -622 + 913. Is z a prime number?
False
Let s(w) = 4*w**3 - 2*w**2 - 9*w + 3. Is s(4) prime?
True
Let q = 3 - 0. Let w(v) = -13*v**2 + 7*v + 3. Let y(d) = -d**2 + d. Let f(r) = -w(r) + 4*y(r). Is f(q) prime?
False
Suppose 0 = 5*i - 1671 - 6434. Is i a prime number?
True
Suppose 3*s = 5*s - 212. Is s*3*(-2)/(-12) a composite number?
False
Suppose -3*x + 17 = -i - i, x = -i - 11. Is ((-4)/i)/(3/345) composite?
True
Let p be (1 + -2)/(2/(-8)). Let m = p + -2. Suppose -m*j = 4*x + x - 935, 4*x + 4*j = 760. Is x composite?
True
Suppose 5 - 3 = x. Suppose 243 = x*f - 5*m, 3*m - 208 = -2*f + m. Is f prime?
True
Let v be (-10)/30*(-93)/1. Let h = v + 96. Is h a prime number?
True
Suppose 2*v - 401 = 117. Is v composite?
True
Suppose -4*x + 1943 = 5*p, -x - 521 = -4*p + 1046. Is p prime?
False
Let p be (84/10)/((-15)/(-650)). Suppose 298 = 2*v - p. Is v composite?
False
Suppose 3*v - d - 3*d = 1059, 0 = 2*v - 5*d - 706. Suppose -4*o = 0, 0 = z - 4*o + 94 - v. Is z a composite number?
True
Let n(i) = 665*i - 23. Is n(6) prime?
True
Suppose t - 16 = -3*t. Suppose t*u - 118 = 5*q - 911, -u = -3*q + 480. Is q a composite number?
True
Suppose 3*w - w + 5*q - 23 = 0, 5*w - 3*q - 11 = 0. Let d(o) = o**2 - 5*o + 9. Let j be d(-11). Suppose -j = -5*l + n, -w*l = 4*n - 137 - 11. Is l prime?
True
Let v = -29 + 111. Is v composite?
True
Suppose 4*t = -t + 1690. Let p = t + -127. Is p composite?
False
Let c(a) = -a**3 + 6. Let k be c(0). Suppose 5*n - 25 = 0, 2*n - 4 = 4*t - k. Is (1 - t)*254/(-4) a composite number?
False
Suppose 3*a - 21 = -9. Suppose -a*i + i + 231 = 0. Is i a prime number?
False
Suppose 0 = j - 11 - 371. Is j a prime number?
False
Let x be 9 + 0 + -3 - 2. Suppose 0 = -w + 2 - 3. Let t = x + w. Is t a composite number?
False
Suppose -1253 + 11381 = 3*y + 5*a, -y + 3383 = 4*a. Is y a composite number?
False
Let b(d) = -d**3 - d + 1. Let h(j) = -93*j**3 - 5*j + 5. Let p(c) = 4*b(c) - h(c). Is p(1) a composite number?
False
Let r = 49 + 145. Is r a composite number?
True
Let i = -30 + 18. Let n(z) = -25*z - 11. Let k be n(i). Suppose -3*y = -k + 88. Is y composite?
False
Let m = 993 + -615. Suppose 287 + m = 5*c. Is c prime?
False
Suppose 2*s - 251 = 17. Let c = 198 - s. Is c + (-3)/(-1) + 2 composite?
True
Let y = -652 - -1287. Suppose y = -0*f + 5*f. Is f a composite number?
False
Let m(g) = -g**3 - 10*g**2 - 12*g. Let j be m(-11). Let r = -97 + j. Suppose 6*h = 2*h + r. Is h prime?
False
Let k be ((-3)/(-2))/(1/(-2)). Let u(c) = -10*c**3 - 2*c**2 + 2*c + 3. Is u(k) prime?
False
Let z be 12/(-8)*3714/(-9). Let u = z - 356. Is u prime?
True
Let k(q) = 12*q**2 + 22*q - 8. Is k(7) a composite number?
True
Is -1 - (-124 + 4 + -3) prime?
False
Suppose 6*c + 5*p = 2*c - 17, -9 = -3*p. Is (-14 - c)*178/(-6) a prime number?
False
Let k = 72 - 43. Let b = 14 - k. Is 5*(-2 + (-93)/b) prime?
False
Let c(f) be the first derivative of -19*f**2/2 + f - 1. Is c(-3) a prime number?
False
Let h be (2/4)/(4/88). Suppose 0*f = 2*f - 346. Suppose 4*z - f - h = 0. Is z a composite number?
True
Let y(c) = c**2 + 6*c + 3. Let w be y(-6). Suppose -p + w*p = -j + 8, -2*j + 4*p = 0. Suppose -4*m + 0*m - j*q = -632, -q + 810 = 5*m. Is m a prime number?
True
Suppose -5 = 2*a + 7. Is 0/(2 + a) + 77 prime?
False
Let z = 48 + 5. Is z prime?
True
Suppose 4*u - 1180 = 5*i, 2*u + 1475 = 7*u + 5*i. Suppose -3*d = 2*d - u. Is d pr